 + 30*y - 82855 = 8200821. Is y composite?
True
Suppose 73603 = -19*s + 15064. Let x = 5518 + s. Is x composite?
False
Suppose -10*i + 156 = 156. Suppose 5*q - 7084 - 23281 = i. Is q composite?
False
Let a = -3696 - -7230. Let m = -2491 + a. Is m a composite number?
True
Let d be ((-3)/(-9))/((0 - -3)/36). Suppose 2642 = 7*q - 2*q + 4*b, 0 = -d*q - b + 2118. Is (q/(-2) + -4)*1*-1 prime?
True
Suppose g - 3 = 0, -22*s + 5*g + 15491 = -20*s. Is s a prime number?
True
Let z = 37 + -33. Let y be 1*(1 + 3)/z. Is -2 - -5 - 12*(-22)/y composite?
True
Let m(u) = 35372*u**2 - 55*u - 24. Is m(-3) a composite number?
True
Let g(j) = 38 + 140*j - 852*j + 32 - 290*j. Let x be g(-13). Is ((-16)/64)/(1 + (-13098)/x) a prime number?
True
Suppose 4*h + 4*n - 2*n - 1196 = 0, h - 302 = -2*n. Suppose -2*a = 4*d - 9 - 301, 4*a - 235 = -3*d. Suppose -d*q = -75*q - h. Is q a composite number?
False
Let k = -5782 - -9501. Is k composite?
False
Let d(j) = 5907*j + 2479. Is d(10) composite?
True
Suppose 193*h - 189*h - 57854 = -5*j, 0 = 3*h - j - 43381. Is h a composite number?
False
Let o be (-2*(9 + -17))/(2/40). Let z be (106/6)/(1/(-3)). Let q = o + z. Is q a composite number?
True
Let c(t) = -305*t**3 - 4*t**2 - 9*t - 187. Is c(-10) a composite number?
True
Let y = 6631 + -7582. Let l be (-1)/((-3 - -2)/1). Is (y/(-3))/(2 - l) composite?
False
Let v(j) = -3*j - 12. Let t be v(-7). Suppose 3*a + 2*w = -68, -2*a = w + t + 35. Let i = 277 + a. Is i a composite number?
False
Suppose 1302928 = 179*k - 3*k. Is k a composite number?
True
Let a be (-1)/(-5) + 314/5 + 7. Is (-1 - a/(-21))*17481 a composite number?
True
Suppose 24*s + 82 = -38. Let a(q) = 106*q**2 + 62*q - 11. Is a(s) a composite number?
True
Let a(r) = -2049*r - 1076. Is a(-3) composite?
True
Suppose 147761345 = 49*l - 16*l + 122*l. Is l a prime number?
False
Let l = 58 - 48. Let k(d) = -151*d + 11. Let y be k(l). Let r = -868 - y. Is r composite?
False
Suppose -p - 2*p - 2 = -2*i, -4*i + 20 = 2*p. Suppose 0 = u - 4*y - 34, -2*y - 96 = -i*u - 6*y. Suppose -11 - u = -l. Is l a prime number?
True
Suppose -78*g - 119*g + 164*g = -3085863. Is g composite?
True
Is (-1)/(7/2) - (231700612/(-154))/26 a composite number?
True
Let j be (-275)/(-88) + (-7)/56. Suppose -94853 = -5*x + 3*z, j*z + 75900 = 4*x + 5*z. Is x a prime number?
True
Suppose 889*l - 34252290 = 799*l. Is l prime?
False
Let l(p) be the third derivative of -p**4/12 - 15*p**3/2 - 23*p**2. Let t be l(-25). Suppose 5*o - 310 = 2*w - 3128, 7015 = 5*w - t*o. Is w a prime number?
True
Let y(x) = 348*x**2 + 12*x + 38. Let h be y(-4). Suppose 3*j + 2*a = 8333, -a + 5*a = -2*j + h. Is j a composite number?
False
Let a be 1/((1/(-4))/(2/4)). Is (7/(42/3508))/(a/(-3)) a prime number?
True
Suppose 0 = g + 2*g + s + 106, 68 = -2*g + 2*s. Let q be (-35119)/g - (-2)/(-5). Let m = q - 309. Is m a prime number?
False
Let v(b) = 117*b**3 - 12*b**2 + 6*b - 8. Let z be (28/(-98))/(6/(-105)). Is v(z) a composite number?
False
Let n = 410 + 346. Suppose 0 = 2*v - 8, -2*l = -3*l + 3*v + n. Is -1 - -2 - l/(-3) composite?
False
Let a be (2 - (-6)/(-4))*6. Suppose 0*k - 3*k - 876 = a*l, 868 = -3*l - 5*k. Let g = l + 517. Is g a prime number?
False
Let m(g) = 43 - 28 + 55 + 73*g + 53. Is m(8) prime?
False
Let c(i) = i. Suppose 2*d = 5*d + 18. Let f be c(d). Is 2/(f/(-105)) - -2 a composite number?
False
Let t = -68740 - -163331. Is t a prime number?
False
Suppose -5*h - n + 19 = -h, -h = 3*n - 13. Suppose 3911 = w - h*g - 1029, 3*g = -15. Suppose 5*z = w - 955. Is z a composite number?
True
Let n(l) be the third derivative of 143*l**5/60 + 4*l**4/3 - 173*l**3/6 - 158*l**2. Is n(6) prime?
True
Let n(w) = w**2 - 23*w - 47. Let j be n(23). Is 27 + -32 + (-1 - j)*25 a prime number?
False
Suppose o = -2*a + 5623, 0 = 2*o - 18*a + 21*a - 11248. Suppose -o = 3*l - 20*l. Is l composite?
False
Is (-2)/(-5)*(-2100930)/(-156) + -6 composite?
False
Suppose -109*k = -84*k - 77*k - 2496. Let u be 4/(-6) + 2/(-6). Is -4*(-4)/k*4533/u a composite number?
False
Let r = 168 + -169. Let a be 266325/135 + (-4)/(-18). Is (-4 + 3)/(r/a) composite?
False
Suppose 234*u + 4*w + 109171 = 235*u, 2*u - w = 218384. Is u a prime number?
False
Suppose 3 + 5 = 2*a. Suppose -16569 = -9*q - 12*q. Suppose a*v + q = 5*c, -4*v + 821 = 5*c - 0*v. Is c a prime number?
False
Let l(y) = 33*y**2 - 24*y + 1489. Is l(28) a composite number?
True
Let d = 75200 - 39031. Is d prime?
False
Let k(x) = x**3 + 15*x**2 + 9*x + 7. Let f be k(-14). Suppose 10*s + s = f. Is -907*1*s/(-7) composite?
False
Let k = 84335 - 7488. Is k a composite number?
False
Is 12/30 + (-56)/(-10) + 498028 a prime number?
False
Let x(k) = 101*k + 7. Let c be x(-5). Let l = -267 + -28. Let p = l - c. Is p a composite number?
True
Let f(v) = -7*v - 2. Suppose -a + 10 = -2*u, -u - 5 = -2*u + 3*a. Let g be f(u). Suppose -g*l = -52*l + 230. Is l a composite number?
True
Let j(u) = 114*u + 22 + 42 + 3 + 6. Is j(11) a prime number?
True
Suppose 1011288 + 330768 + 42918 = 18*k. Is k prime?
True
Let g be (0 + -16)/(-7 - -5). Let w be (0 + -3)/1*g/(-3). Is (-3)/3 - -33 - (w + -7) composite?
False
Suppose -2*h + 2 - 5 = -3*k, -3*k = 4*h - 3. Let y(i) = -14*i + 2316*i**3 - 12*i - 2 - 12*i + 39*i. Is y(k) a prime number?
False
Let z = -61 - 1. Let s be 3/(-5*3) + z/(-10). Is (2/s)/(1/186) - -3 prime?
False
Let m be (0/(-2))/2 + 12 + -7. Suppose -20 = -4*i - 3*l, 2*i - 2*l - 2*l = -12. Is (3 + i)*23/m a composite number?
False
Suppose 30*h - 6137685 = 21*h. Is h prime?
False
Let l(t) = 3*t + 2717. Let u = -18 - -18. Let k be l(u). Suppose -13872 = -5*x - k. Is x prime?
False
Let t = 193627 + 83986. Is t a composite number?
True
Suppose -3*w + 3*x = -2*x - 42, 5*w + 2*x - 39 = 0. Suppose 0 = w*r - 15*r + 41466. Is r a composite number?
False
Let y(b) = -4*b**3 + 6*b**2 + 5*b - 10. Let o be 38/(-6) - ((-2)/(-3) + 0). Is y(o) a composite number?
False
Let b be 2/((18/864)/((-2)/(-6))). Suppose 79177 = b*w - 25*w. Is w prime?
True
Let b = -117 + 139. Let k(q) = 255*q + 148. Is k(b) prime?
False
Let k(y) = y**2 - 13*y + 45. Let q be k(6). Suppose -q*v + r = -17736, -2*v + 12*r = 10*r - 11828. Is v prime?
False
Suppose 49*u = 44*u + 2922135. Is u a composite number?
True
Let r be (-49 - -39)*-3*(-1906)/(-4). Suppose 5211 = 6*l - r. Is l a prime number?
True
Suppose 4*y + 77 = 3*y + 2*r, -4*y + 3*r - 313 = 0. Let c = y - -63. Is 4/c*-2*(2999 + -1) prime?
True
Let x = 8476 + 4681. Is x composite?
True
Let o(j) = 3112*j**2 + j - 124. Is o(7) prime?
False
Suppose -5*k = -0*k. Let f = 0 + k. Is (f - (-2)/(-3))*11823/(-14) a composite number?
False
Suppose -46*l - 510666 = -50*l + 5*f, 0 = 3*l + f - 383009. Is l a composite number?
False
Let m be 1/((3 - 5)*(-2)/8). Let v be 3 + (1589 - 2) - m. Suppose -15*w - v = -19*w. Is w composite?
False
Let c = 46589 - -2118. Is c a composite number?
True
Let b(g) = 13129*g**2 - 125*g + 391. Is b(3) a prime number?
False
Suppose -605*l = -536*l - 4115643. Is l a composite number?
True
Suppose -72*u + 66*u + 324 = 0. Suppose 0 = -2*q + v + 35223, u*q = 57*q - 2*v - 52837. Is q prime?
True
Let x = 890 - 902. Let r(j) = -148*j + 41. Is r(x) a composite number?
True
Suppose 0 = 3*b + 686 + 496. Let y = b - -595. Is y a composite number?
True
Let d(p) = -14*p - 12 + 0 - 1. Suppose -154 = 4*u - 130. Is d(u) a prime number?
True
Let f be (-1670)/8 + (-24)/96. Let q = -67 - f. Let a = 195 + q. Is a a prime number?
True
Suppose -24*s = -6 + 6. Suppose s*f = 9*f - 201897. Is f a prime number?
True
Let g(x) = 102314*x - 1487. Is g(9) composite?
True
Let q(n) be the second derivative of -88*n**3/3 - 49*n**2/2 + n - 13. Is q(-16) composite?
False
Suppose 1701956 - 13569835 = -130*f + 17859351. Is f a prime number?
False
Suppose 0 = -135*b + 32088091 + 30376004. Is b prime?
True
Let i = -30 - -30. Suppose -16*w + 21*w = -2*x + 69607, -w + 3*x + 13918 = i. Is w composite?
False
Suppose -5*j - s - 3*s = -11220, -8976 = -4*j - 4*s. Let t = j + 2059. Is t composite?
True
Let v = -6 - -10. Is 3 + 608/(-24)*(-78)/v prime?
False
Let o(w) = 66*w**3 + 16*w**2 + 27*w + 34. Is o(21) prime?
True
Suppose 10*t + 108 = 188. Is 131570/t - 3/(-4) prime?
True
Suppose 4318 = 3*y - q, 5*y + q = -0*q + 7202. Suppose y = -5*p + o + 8245, 5*p - 3*o - 6805 = 0. Is p